 + 61*d + 12. What is the tens digit of f(18)?
6
Let q be (0*1/(-2))/(-1). Let u = q - -3. Suppose u*r + r - 60 = 0. What is the tens digit of r?
1
Let u be (2/6 + (-290)/(-3))*-1. Let s = -46 - u. What is the tens digit of s?
5
Suppose -2*v = -5*a - 1280, 0 = 10*v - 5*v + 5*a - 3165. What is the hundreds digit of v?
6
Suppose -5*f + 4*h = -37, -3*h = -4*f - 6*h + 11. Suppose -c = 5, 5*o - f*c + 40 - 230 = 0. What is the units digit of o?
3
Let a(t) = -t**2 - 12*t. Let o be a(-10). Let x = -41 + o. Let v = x - -54. What is the tens digit of v?
3
Suppose -3*a = -2*s - 1 + 4, 5*a + 27 = -4*s. What is the units digit of a/(9/2)*(0 + -75)?
0
Let z = 83 + -125. Let t = z + 124. What is the units digit of t?
2
Let d(w) = -13*w**2 + 13*w + 8. Let l(v) = 3*v**2 - 3*v - 2. Let i(x) = -2*d(x) - 9*l(x). Let p be i(0). Suppose p*y = 76 + 2. What is the units digit of y?
9
What is the hundreds digit of -10*(4 + -58 + 3)?
5
Let c be -17 - 0/(1 + 0). Let n be 13 + c + 2*97. Suppose -t = -6*t + n. What is the units digit of t?
8
Let k(s) = -s**3 + 18*s**2 - 18*s + 21. Let d be k(17). Let f(j) = 3*j**2 - 10*j. What is the units digit of f(d)?
8
Let i(p) = -p**2 + 10*p - 7. Let l be i(10). Let o(m) = -m**3 + 13*m + 13. What is the hundreds digit of o(l)?
2
Let v(l) = -157*l - 45. What is the tens digit of v(-4)?
8
Let g be (-3 + 2)/2*-12. Let w be (-48)/5 + 12/20. What is the units digit of (-2)/(g/w) - -13?
6
Let y = -14 - -25. Suppose -2*f = -5*f, -l + 5*f = -y. Suppose l = 3*n + 2. What is the units digit of n?
3
Suppose f - 1578 = -5*f. Suppose 5*d + f = 773. What is the units digit of d?
2
Let d be (-7 - 3)*(-54)/(-4). Let i = -61 - d. What is the tens digit of i?
7
Let h(g) = -g**3 - 16*g**2 + 46*g - 27. What is the units digit of h(-19)?
2
Let h = -268 - -379. Suppose 0 = -g + h + 59. What is the hundreds digit of g?
1
Let l(u) = -3449*u**3 - u**2 - 14*u - 12. What is the hundreds digit of l(-1)?
4
Let k(g) = 10*g**3 - 10*g**2 + 10*g - 2. What is the hundreds digit of k(3)?
2
Let k(v) = v + 3. Let t be k(-6). Let q(u) = 2*u**2 + 3*u - 4. What is the units digit of q(t)?
5
Suppose -3*u = -14*u + 913. Let b = 207 - u. What is the units digit of b?
4
Let l = 1 + -1. Let h(m) = -m**2. Let u be h(l). Suppose u*b = -5*b + 140. What is the units digit of b?
8
Suppose 2*o - 6*a + 139 = -5*a, -4*o = 4*a + 284. What is the units digit of (-4)/8*(o - 4)?
7
Let i = 33 + 56. Suppose -7*d = 2*y - 12*d - 140, 5*d - 120 = -2*y. Suppose -i = -2*l + y. What is the tens digit of l?
7
Let v(d) = -22*d + 3. Let j = 26 + -23. Let m be v(j). Let k = -39 - m. What is the tens digit of k?
2
Suppose 5*z + 182 = 3*o - 0*o, 4*o - 3*z = 228. Suppose -918 = -8*q - o. What is the hundreds digit of q?
1
Let x = 103 + -100. Suppose -x*p + 5*i + 98 = -353, 2*i - 132 = -p. What is the units digit of p?
2
What is the units digit of 555/(-111) - 53*(1 - 2)?
8
What is the units digit of 4 - (-12)/(68/(-76) + 1)?
8
Let d be (-8)/14*(-3 + -4). Suppose d*u - 13 = -5*g, 3*g + 5 = g - 5*u. Suppose 4*a - 3*w = 206, 4*a + 5*w = g*a - 43. What is the tens digit of a?
5
Let g(h) = h**3 - 18*h**2 + 26*h - 19. Let f be g(17). What is the tens digit of (-1)/2 + f/4?
3
Let d(l) = l**2 + 7*l + 4. Let x be d(-7). Let p(q) = 2*q**3 - x*q**2 - 1 + 3*q**3 - 6*q**3 + 3. What is the units digit of p(-4)?
2
Let f be -3 - -2 - (-3)/1. Suppose 5*x + g - 198 = 0, f*g - 65 = -3*x + 58. What is the units digit of 4/26 + 228/x?
6
Let w = -8 - 10. Let l = -11 - w. Let c(h) = -h**2 + 10*h - 3. What is the tens digit of c(l)?
1
Let r = -21 - -11. Let w be ((-2)/(-2))/(r/(-20)). Suppose 0 = 3*h + w*o - 79 - 58, h = -o + 47. What is the tens digit of h?
4
Suppose 3*j = 5*d - 1111, 9*d - 3*j = 11*d - 457. What is the tens digit of d?
2
Let k be -302 + (2 - 2) - 1. Let n = 461 + k. What is the tens digit of n?
5
Let q(u) = -u**3 - 34*u**2 + 44*u + 148. What is the hundreds digit of q(-36)?
1
What is the thousands digit of 12744/(-6)*-1 + -6 + 6?
2
Let r = 7 - 5. Suppose 3*w + r*w = 2*j - 20, 0 = 3*w - j + 11. What is the units digit of (6 - 0)/w + 28?
5
What is the hundreds digit of (-1991)/(-3) - 3*(-5)/45?
6
Suppose -4*h - 4 = 0, -2*k = -k + 3*h - 129. What is the units digit of k?
2
Let i = -1446 + 2653. What is the thousands digit of i?
1
Let b(x) = x**3 + 18*x**2 - 20*x - 17. Let d(c) = -6*c + 5. Let h be d(4). Let n be b(h). What is the tens digit of (3/n)/3*44?
2
Let v(n) be the second derivative of n**4/12 - 5*n**3/6 - n**2 + 4*n. What is the units digit of v(6)?
4
Let a be (-15)/6 + (-35)/(-14). Suppose -4*z + 664 = 4*x, a = 2*z - 0*x + 4*x - 342. What is the hundreds digit of z?
1
Let s = 28 + -25. Suppose -2*t - 20 = -s*i + 15, -3*i + 3*t + 33 = 0. What is the tens digit of i?
1
Suppose 0 = 3*c + 4*r - 505, -2*c + 5*r = -201 - 174. Let p = c - 113. What is the units digit of p?
2
Suppose -15*t + 1966 + 12239 = 0. What is the hundreds digit of t?
9
Suppose -4*w + 7514 = 13*w. Suppose 3*o - 4*n - 45 = w, 0 = -5*o + 3*n + 830. What is the units digit of o?
9
Let c be -1 + 6/(-3) - 7. Let v = c - -15. Suppose -6*o - 180 = -v*x - o, 110 = 3*x - o. What is the tens digit of x?
3
What is the tens digit of (-256170)/(-45) + (-8)/12?
9
Let l(v) = 6*v**3 + 5*v - 3. Suppose 12*b + 19 = 43. What is the units digit of l(b)?
5
Suppose 5*v + 72 = 2*q + q, -v - 55 = -2*q. Suppose -3*r + 164 - q = 0. What is the tens digit of r?
4
Suppose 0*h + 2*h = -5*y + 583, -5*y = 4*h - 581. Suppose -y*r - 1060 = -122*r. What is the hundreds digit of r?
2
Suppose 10*g + 97 = 11*g. Let z = 360 - g. What is the units digit of z?
3
Suppose -i + 51 = 4*d, i - 5*i + 109 = -3*d. Let t = i + -30. What is the tens digit of 2*39*t/2?
3
Suppose 0 = 2*r - 2, 7*g + 4*r - 5784 = 2*g. What is the thousands digit of g?
1
Let d = -248 - -402. What is the tens digit of d?
5
Let i be 6*(-2 - 28/(-8)). Let k(z) = 4*z + 12. What is the units digit of k(i)?
8
Suppose 0 = -0*d + 14*d - 13146. What is the units digit of d?
9
Let l = 1096 - 38. What is the units digit of l?
8
Let r = 63 - 61. Let q(v) = -2*v + 28. Let t be q(0). Suppose -r*a + t = -30. What is the units digit of a?
9
Suppose -340 = -4*i + 1140. What is the hundreds digit of i?
3
Let w(g) = -21*g - 4. Let l(m) = 83*m + 17. Let f(u) = 2*l(u) + 9*w(u). What is the tens digit of f(-2)?
4
Suppose -4*d - 110 = -w - 11, -w = 5*d + 126. What is the tens digit of 30/(10/d*30/(-32))?
8
Let x(i) = 4*i**2 + 10*i + 52. What is the hundreds digit of x(8)?
3
Suppose 5*k = 4*v - 32, 24 = 3*v - 0*v + k. Suppose 5*p = 4*n + v, -4*n - 8 = p + 2*p. Suppose l + 18 = 5*d, -d = -l - p*l - 2. What is the units digit of d?
4
Suppose -3*q - 18 + 6 = 0. Let g be 9/(-6)*16/(-6). What is the units digit of q + 16*6/g?
0
Suppose 2*k - 388 = -3*d, 6*k = -3*d + 2*k + 398. What is the hundreds digit of (-3)/4 + (-22)/(-8) + d?
1
Let p = 115 + -42. Suppose -3*n = 2*h - p, -2*n = 4*h - 32 - 6. Suppose 5*a - n = 3. What is the units digit of a?
6
Let g be (92/(-12))/((-2)/12). Let k = 85 - g. Suppose 2*f - 1 - k = 0. What is the units digit of f?
0
Suppose 0 = 5*p - 242 - 218. Let k = -59 + p. What is the tens digit of k?
3
Suppose 94 + 62 = 2*r. What is the units digit of r?
8
Suppose v = 48 + 12. Suppose v = 4*z + z. Suppose 3*x - 69 = -z. What is the tens digit of x?
1
Let o = 204 - 52. Suppose 4*h - 4*m = o, -5*h - m = -0*m - 196. What is the tens digit of h?
3
Let z = -1820 - -2551. What is the hundreds digit of z?
7
Let s be (18/12)/(2/36). Suppose 0 = -3*d - 4*g + 42, 0 + s = 2*d + 3*g. What is the tens digit of d?
1
Let r = -571 - -671. What is the units digit of r?
0
Let j = 94 - -409. Let b = j + -214. What is the units digit of b?
9
Suppose 0 = 4*z - z - 4*b - 144, -b = -3. Let j be (-28)/13 - (-8)/z. Let f = 9 - j. What is the units digit of f?
1
What is the tens digit of (-1086)/(-9) + -2*5/15?
2
What is the tens digit of (4/(-2)*-4)/((-5)/(-2290))?
6
Let x = 4 + -1. Suppose -z + 3*k + 4 = 0, -z - 4*k - 4 = -x*z. What is the tens digit of z - (0 - -5)*-5?
2
Suppose 12*b = 3*b + 27. Suppose -3*m + 353 = -4*w - 566, -b*m = -5*w - 917. What is the tens digit of m?
0
Let i(u) = u - 7. Let v be i(7). Let z be -1*v*1/(-4). Suppose z = 4*d - 4*m - 148, 5*d - 2*m - 42 = 134. What is the tens digit of d?
3
Let i = -1630 - -45